{"id":45,"date":"2026-03-16T10:33:35","date_gmt":"2026-03-16T10:33:35","guid":{"rendered":"https:\/\/sampopyysalo.fi\/sampo\/?page_id=45"},"modified":"2026-04-09T08:23:27","modified_gmt":"2026-04-09T08:23:27","slug":"videokuvaus","status":"publish","type":"page","link":"https:\/\/sampopyysalo.fi\/sampo\/videokuvaus\/","title":{"rendered":"Videokuvaus"},"content":{"rendered":"\n<div class=\"wp-block-cover\"><img loading=\"lazy\" decoding=\"async\" width=\"1024\" height=\"576\" class=\"wp-block-cover__image-background wp-image-12 size-large\" alt=\"\" src=\"https:\/\/sampopyysalo.fi\/sampo\/wp-content\/uploads\/2026\/03\/Shakkilauta-1024x576.jpg\" data-object-fit=\"cover\" srcset=\"https:\/\/sampopyysalo.fi\/sampo\/wp-content\/uploads\/2026\/03\/Shakkilauta-1024x576.jpg 1024w, https:\/\/sampopyysalo.fi\/sampo\/wp-content\/uploads\/2026\/03\/Shakkilauta-300x169.jpg 300w, https:\/\/sampopyysalo.fi\/sampo\/wp-content\/uploads\/2026\/03\/Shakkilauta-768x432.jpg 768w, https:\/\/sampopyysalo.fi\/sampo\/wp-content\/uploads\/2026\/03\/Shakkilauta-1536x864.jpg 1536w, https:\/\/sampopyysalo.fi\/sampo\/wp-content\/uploads\/2026\/03\/Shakkilauta-2048x1152.jpg 2048w\" sizes=\"auto, (max-width: 1024px) 100vw, 1024px\" \/><span aria-hidden=\"true\" class=\"wp-block-cover__background has-theme-palette-3-background-color has-background-dim\"><\/span><div class=\"wp-block-cover__inner-container is-layout-constrained wp-block-cover-is-layout-constrained\"><style>.kb-row-layout-id45_b47a8c-64 > .kt-row-column-wrap{align-content:start;}:where(.kb-row-layout-id45_b47a8c-64 > .kt-row-column-wrap) > .wp-block-kadence-column{justify-content:start;}.kb-row-layout-id45_b47a8c-64 > .kt-row-column-wrap{column-gap:var(--global-kb-gap-md, 2rem);row-gap:0px;max-width:700px;margin-left:auto;margin-right:auto;padding-top:var(--global-kb-spacing-3xl, 6.5rem);padding-bottom:var(--global-kb-spacing-5xl, 10rem);grid-template-columns:minmax(0, 1fr);}.kb-row-layout-id45_b47a8c-64 > .kt-row-layout-overlay{opacity:0.30;}@media all and (max-width: 1024px){.kb-row-layout-id45_b47a8c-64 > .kt-row-column-wrap{padding-top:var(--global-kb-spacing-5xl, 10rem);padding-bottom:var(--global-kb-spacing-xxl, 5rem);grid-template-columns:minmax(0, 1fr);}}@media all and (max-width: 767px){.kb-row-layout-id45_b47a8c-64 > .kt-row-column-wrap{padding-top:var(--global-kb-spacing-3xl, 6.5rem);grid-template-columns:minmax(0, 1fr);}}<\/style><div class=\"kb-row-layout-wrap kb-row-layout-id45_b47a8c-64 alignnone wp-block-kadence-rowlayout\"><div class=\"kt-row-column-wrap kt-has-1-columns kt-row-layout-equal kt-tab-layout-inherit kt-mobile-layout-row kt-row-valign-top\">\n<style>.kadence-column45_0ed025-da > .kt-inside-inner-col{display:flex;}.kadence-column45_0ed025-da > .kt-inside-inner-col,.kadence-column45_0ed025-da > .kt-inside-inner-col:before{border-top-left-radius:0px;border-top-right-radius:0px;border-bottom-right-radius:0px;border-bottom-left-radius:0px;}.kadence-column45_0ed025-da > .kt-inside-inner-col{column-gap:var(--global-kb-gap-sm, 1rem);}.kadence-column45_0ed025-da > .kt-inside-inner-col{flex-direction:column;align-items:center;}.kadence-column45_0ed025-da > .kt-inside-inner-col > .kb-image-is-ratio-size{align-self:stretch;}.kadence-column45_0ed025-da > .kt-inside-inner-col > .wp-block-kadence-advancedgallery{align-self:stretch;}.kadence-column45_0ed025-da > .kt-inside-inner-col > .aligncenter{width:100%;}.kadence-column45_0ed025-da > .kt-inside-inner-col:before{opacity:0.3;}.kadence-column45_0ed025-da{position:relative;}@media all and (max-width: 1024px){.kadence-column45_0ed025-da > .kt-inside-inner-col{padding-top:0px;flex-direction:column;justify-content:center;align-items:center;}}@media all and (max-width: 767px){.kadence-column45_0ed025-da > .kt-inside-inner-col{flex-direction:column;justify-content:center;align-items:center;}}<\/style>\n<div class=\"wp-block-kadence-column kadence-column45_0ed025-da\"><div class=\"kt-inside-inner-col\">\n<h1 class=\"wp-block-heading has-text-color has-link-color wp-elements-35bba31e601b41d6419aef77b371eb8b\" style=\"color:#f9e9d2\">Videokuvaus <\/h1>\n\n\n\n<p><\/p>\n\n\n\n<p class=\"has-text-color has-link-color wp-elements-f6e89809eead631f9e4ea168a41d0dea\" style=\"color:#f9e9d2\">Video tuo esiin tarinan, johon pelkk\u00e4 kuva ei riit\u00e4. Toteutan videokuvaukset suunnittelusta toteutukseen huomioiden tunnelman, tarinan ja visuaalisen ilmeen.<\/p>\n\n\n\n<p class=\"has-text-color has-link-color wp-elements-8d2e5db30ce6ef7006e031da0170ba83\" style=\"color:#f9e9d2\">Kuvaan erilaisia projekteja, kuten tapahtumia, yritysvideoita, musiikkivideoita ja somesis\u00e4lt\u00f6\u00e4. Jokainen video r\u00e4\u00e4t\u00e4l\u00f6id\u00e4\u00e4n tarpeesi mukaan, jotta se palvelee tarkoitustaan mahdollisimman hyvin.<\/p>\n<\/div><\/div>\n\n<\/div><\/div>\n\n<style>.kb-row-layout-id45_5739a6-98 > .kt-row-column-wrap{align-content:start;}:where(.kb-row-layout-id45_5739a6-98 > .kt-row-column-wrap) > .wp-block-kadence-column{justify-content:start;}.kb-row-layout-id45_5739a6-98 > .kt-row-column-wrap{column-gap:var(--global-kb-gap-md, 2rem);row-gap:var(--global-kb-gap-md, 2rem);padding-top:var(--global-kb-spacing-sm, 1.5rem);padding-bottom:var(--global-kb-spacing-sm, 1.5rem);grid-template-columns:minmax(0, 1fr);}.kb-row-layout-id45_5739a6-98 > .kt-row-layout-overlay{opacity:0.30;}@media all and (max-width: 1024px){.kb-row-layout-id45_5739a6-98 > .kt-row-column-wrap{grid-template-columns:minmax(0, 1fr);}}@media all and (max-width: 767px){.kb-row-layout-id45_5739a6-98 > .kt-row-column-wrap{grid-template-columns:minmax(0, 1fr);}}<\/style><div class=\"kb-row-layout-wrap kb-row-layout-id45_5739a6-98 alignnone wp-block-kadence-rowlayout\"><div class=\"kt-row-column-wrap kt-has-1-columns kt-row-layout-equal kt-tab-layout-inherit kt-mobile-layout-row kt-row-valign-top\">\n<style>.kadence-column45_47122e-68 > .kt-inside-inner-col{display:flex;}.kadence-column45_47122e-68 > .kt-inside-inner-col,.kadence-column45_47122e-68 > .kt-inside-inner-col:before{border-top-left-radius:0px;border-top-right-radius:0px;border-bottom-right-radius:0px;border-bottom-left-radius:0px;}.kadence-column45_47122e-68 > .kt-inside-inner-col{row-gap:var(--global-kb-gap-none, 0rem );column-gap:var(--global-kb-gap-sm, 1rem);}.kadence-column45_47122e-68 > .kt-inside-inner-col{flex-direction:column;justify-content:center;align-items:center;}.kadence-column45_47122e-68 > .kt-inside-inner-col > .kb-image-is-ratio-size{align-self:stretch;}.kadence-column45_47122e-68 > .kt-inside-inner-col > .wp-block-kadence-advancedgallery{align-self:stretch;}.kadence-column45_47122e-68 > .kt-inside-inner-col > .aligncenter{width:100%;}.kt-row-column-wrap > .kadence-column45_47122e-68{align-self:center;}.kt-inner-column-height-full:not(.kt-has-1-columns) > .wp-block-kadence-column.kadence-column45_47122e-68{align-self:auto;}.kt-inner-column-height-full:not(.kt-has-1-columns) > .wp-block-kadence-column.kadence-column45_47122e-68 > .kt-inside-inner-col{flex-direction:column;justify-content:center;}.kadence-column45_47122e-68 > .kt-inside-inner-col:before{opacity:0.3;}.kadence-column45_47122e-68{text-align:center;}.kadence-column45_47122e-68{position:relative;}@media all and (max-width: 1024px){.kt-row-column-wrap > .kadence-column45_47122e-68{align-self:center;}}@media all and (max-width: 1024px){.kt-inner-column-height-full:not(.kt-has-1-columns) > .wp-block-kadence-column.kadence-column45_47122e-68{align-self:auto;}}@media all and (max-width: 1024px){.kt-inner-column-height-full:not(.kt-has-1-columns) > .wp-block-kadence-column.kadence-column45_47122e-68 > .kt-inside-inner-col{flex-direction:column;justify-content:center;}}@media all and (max-width: 1024px){.kadence-column45_47122e-68 > .kt-inside-inner-col{flex-direction:column;justify-content:center;align-items:center;}}@media all and (max-width: 767px){.kt-row-column-wrap > .kadence-column45_47122e-68{align-self:center;}.kt-inner-column-height-full:not(.kt-has-1-columns) > .wp-block-kadence-column.kadence-column45_47122e-68{align-self:auto;}.kt-inner-column-height-full:not(.kt-has-1-columns) > .wp-block-kadence-column.kadence-column45_47122e-68 > .kt-inside-inner-col{flex-direction:column;justify-content:center;}.kadence-column45_47122e-68 > .kt-inside-inner-col{flex-direction:column;justify-content:center;align-items:center;}}<\/style>\n<div class=\"wp-block-kadence-column kadence-column45_47122e-68\"><div class=\"kt-inside-inner-col\">\n<figure class=\"wp-block-embed is-type-video is-provider-youtube wp-block-embed-youtube wp-embed-aspect-16-9 wp-has-aspect-ratio\" style=\"margin-top:0;margin-right:0;margin-bottom:0;margin-left:0\"><div class=\"wp-block-embed__wrapper\">\n<iframe loading=\"lazy\" title=\"JOULUN KANSSAS JAAN | Luukku 24 | Joulukalenteri 2025\" width=\"720\" height=\"405\" src=\"https:\/\/www.youtube.com\/embed\/VEglUjYMFAc?feature=oembed\" frameborder=\"0\" allow=\"accelerometer; autoplay; clipboard-write; encrypted-media; gyroscope; picture-in-picture; web-share\" referrerpolicy=\"strict-origin-when-cross-origin\" allowfullscreen><\/iframe>\n<\/div><\/figure>\n\n\n\n<figure class=\"wp-block-embed is-type-video is-provider-youtube wp-block-embed-youtube wp-embed-aspect-16-9 wp-has-aspect-ratio\"><div class=\"wp-block-embed__wrapper\">\n<iframe loading=\"lazy\" title=\"HILJAISUUS | Luukku 1 | Joulukalenteri 2025\" width=\"720\" height=\"405\" src=\"https:\/\/www.youtube.com\/embed\/gqYqiCGfUgc?feature=oembed\" frameborder=\"0\" allow=\"accelerometer; autoplay; clipboard-write; encrypted-media; gyroscope; picture-in-picture; web-share\" referrerpolicy=\"strict-origin-when-cross-origin\" allowfullscreen><\/iframe>\n<\/div><\/figure>\n<\/div><\/div>\n\n<\/div><\/div><\/div><\/div>\n\n\n<style>.wp-block-kadence-advancedbtn.kb-btns45_7f671c-f3{gap:var(--global-kb-gap-xs, 0.5rem );justify-content:center;align-items:center;}.kt-btns45_7f671c-f3 .kt-button{font-weight:normal;font-style:normal;}.kt-btns45_7f671c-f3 .kt-btn-wrap-0{margin-right:5px;}.wp-block-kadence-advancedbtn.kt-btns45_7f671c-f3 .kt-btn-wrap-0 .kt-button{color:#555555;border-color:#555555;}.wp-block-kadence-advancedbtn.kt-btns45_7f671c-f3 .kt-btn-wrap-0 .kt-button:hover, .wp-block-kadence-advancedbtn.kt-btns45_7f671c-f3 .kt-btn-wrap-0 .kt-button:focus{color:#ffffff;border-color:#444444;}.wp-block-kadence-advancedbtn.kt-btns45_7f671c-f3 .kt-btn-wrap-0 .kt-button::before{display:none;}.wp-block-kadence-advancedbtn.kt-btns45_7f671c-f3 .kt-btn-wrap-0 .kt-button:hover, .wp-block-kadence-advancedbtn.kt-btns45_7f671c-f3 .kt-btn-wrap-0 .kt-button:focus{background:#444444;}<\/style>\n<div class=\"wp-block-kadence-advancedbtn kb-buttons-wrap kb-btns45_7f671c-f3\"><style>ul.menu .wp-block-kadence-advancedbtn .kb-btn45_1e983b-5b.kb-button{width:initial;}.wp-block-kadence-advancedbtn .kb-btn45_1e983b-5b.kb-button{color:var(--global-palette15, #3182CE);border-top-left-radius:5px;border-top-right-radius:5px;border-bottom-right-radius:5px;border-bottom-left-radius:5px;border-top:5px solid;border-right:5px solid;border-bottom:5px solid;border-left:5px solid;}@media all and (max-width: 1024px){.wp-block-kadence-advancedbtn .kb-btn45_1e983b-5b.kb-button{border-top:5px solid;border-right:5px solid;border-bottom:5px solid;border-left:5px solid;}}@media all and (max-width: 767px){.wp-block-kadence-advancedbtn .kb-btn45_1e983b-5b.kb-button{border-top:5px solid;border-right:5px solid;border-bottom:5px solid;border-left:5px solid;}}<\/style><a class=\"kb-button kt-button button kb-btn45_1e983b-5b kt-btn-size-large kt-btn-width-type-auto kb-btn-global-outline  kt-btn-has-text-true kt-btn-has-svg-false  wp-block-kadence-singlebtn\" href=\"https:\/\/sampopyysalo.fi\/sampo\/ota-yhteytta\/\"><span class=\"kt-btn-inner-text\">Pyyd\u00e4 tarjous!<\/span><\/a><\/div>\n","protected":false},"excerpt":{"rendered":"","protected":false},"author":1,"featured_media":0,"parent":0,"menu_order":0,"comment_status":"closed","ping_status":"closed","template":"","meta":{"_kad_post_transparent":"enable","_kad_post_title":"hide","_kad_post_layout":"fullwidth","_kad_post_sidebar_id":"","_kad_post_content_style":"default","_kad_post_vertical_padding":"default","_kad_post_feature":"default","_kad_post_feature_position":"","_kad_post_header":false,"_kad_post_footer":false,"_kad_post_classname":"","footnotes":""},"class_list":["post-45","page","type-page","status-publish","hentry"],"_links":{"self":[{"href":"https:\/\/sampopyysalo.fi\/sampo\/wp-json\/wp\/v2\/pages\/45","targetHints":{"allow":["GET"]}}],"collection":[{"href":"https:\/\/sampopyysalo.fi\/sampo\/wp-json\/wp\/v2\/pages"}],"about":[{"href":"https:\/\/sampopyysalo.fi\/sampo\/wp-json\/wp\/v2\/types\/page"}],"author":[{"embeddable":true,"href":"https:\/\/sampopyysalo.fi\/sampo\/wp-json\/wp\/v2\/users\/1"}],"replies":[{"embeddable":true,"href":"https:\/\/sampopyysalo.fi\/sampo\/wp-json\/wp\/v2\/comments?post=45"}],"version-history":[{"count":39,"href":"https:\/\/sampopyysalo.fi\/sampo\/wp-json\/wp\/v2\/pages\/45\/revisions"}],"predecessor-version":[{"id":663,"href":"https:\/\/sampopyysalo.fi\/sampo\/wp-json\/wp\/v2\/pages\/45\/revisions\/663"}],"wp:attachment":[{"href":"https:\/\/sampopyysalo.fi\/sampo\/wp-json\/wp\/v2\/media?parent=45"}],"curies":[{"name":"wp","href":"https:\/\/api.w.org\/{rel}","templated":true}]}}